-3
Let i(t) = 8*t + 60. Give i(-7).
4
Let w(u) = u**2 - 13*u - 10. What is w(14)?
4
Let t(i) = -4*i + 32. Determine t(0).
32
Let d(r) = -r**3 + 7*r**2 + 16*r + 22. Calculate d(9).
4
Let d(x) = -2*x**2 + 11*x - 5. Determine d(5).
0
Let u(c) = -2*c - 5. Give u(-7).
9
Let b(s) = -s - 8. Determine b(-15).
7
Let p(m) = -2*m**2 - 21*m + 8. What is p(-11)?
-3
Let o(n) = -5*n**2 + 27*n - 1. Calculate o(6).
-19
Let y(r) = -3*r + 3. Determine y(-6).
21
Let g(y) = y**2 - 3*y + 8. What is g(2)?
6
Let p(w) = -w**3 + 20*w**2 + 43*w + 13. What is p(22)?
-9
Let n(r) = 42*r**2 - r - 2. What is n(-1)?
41
Let s(i) = -i**2 + 3*i + 13. Give s(6).
-5
Let y(w) = -138*w + 1373. Give y(10).
-7
Let n(l) = -l**2 + 11*l - 16. Give n(8).
8
Let u(w) = 14*w**2 + 4*w + 2. Give u(-1).
12
Let k(s) = -s**2 + 28*s - 55. Calculate k(25).
20
Let j(h) = 9*h + 88. Give j(-10).
-2
Let f(p) = p**3 + 19*p**2 + 57*p - 50. Calculate f(-15).
-5
Let a(c) = c**3 + 8*c**2 + 3*c + 23. Calculate a(-8).
-1
Let o(m) = -5*m + 4. Calculate o(3).
-11
Let i(p) = p**2 + 14*p + 15. What is i(-12)?
-9
Let w(b) = 7*b - 11. Determine w(4).
17
Let q(x) = -3*x**2 - 6*x - 11. Determine q(-2).
-11
Let x(h) = -h**3 + 5*h**2 - 2*h - 7. Give x(4).
1
Let t(g) = -g**2 - 12*g + 66. What is t(-18)?
-42
Let l(w) = w**3 - 8*w**2 - 13*w + 18. Determine l(9).
-18
Let r(j) = j + 8. What is r(-4)?
4
Let m(p) = 12*p + 6. What is m(1)?
18
Let g(y) = 2*y**2 - 8*y - 17. Give g(7).
25
Let f(w) = w**2 + 59*w - 191. Calculate f(-62).
-5
Let b(x) = 2*x**2 - 19*x + 27. Give b(7).
-8
Let t(u) = 2*u**2 - 7*u - 69. Calculate t(-5).
16
Let t(q) = 2*q**3 - 2*q**2 + q - 3. Calculate t(3).
36
Let v(o) = 22*o + 398. Calculate v(-18).
2
Let t(x) = 2*x - 2. Determine t(-3).
-8
Let y(a) = 3*a - 4. Calculate y(4).
8
Let y(r) = -r**3 - 7*r**2 + 7*r - 17. Calculate y(-8).
-9
Let i(f) = -7*f - 173. Determine i(-34).
65
Let v(m) = -5*m - 237. What is v(-46)?
-7
Let o(h) = 2*h**2 - 39*h. Give o(20).
20
Let p(j) = j**3 + 14*j**2 + 33*j + 6. Determine p(-11).
6
Let k(y) = -y**2 + 7*y - 6. Give k(6).
0
Let a(x) = -9*x + 16. Determine a(3).
-11
Let d(h) = h + 27. Give d(-5).
22
Let l(n) = -n**2 + n + 3. Determine l(9).
-69
Let f(v) = 25*v**2 - 2*v - 2. What is f(-1)?
25
Let f(q) = 5*q**2 + 38*q - 11. What is f(-8)?
5
Let f(x) = x**2 - 7*x + 34. What is f(6)?
28
Let y(m) = m**2 + 19*m + 63. Determine y(-23).
155
Let i(f) = f**2 + 5*f + 6. Determine i(-5).
6
Let r(f) = -f**3 + 3*f**2 + f - 5. Determine r(4).
-17
Let v(j) = 8*j - 58. What is v(5)?
-18
Let v(c) = 32*c**3 + c**2 + c + 1. Calculate v(-1).
-31
Let r(s) = -14*s**2 + s + 2. Determine r(-1).
-13
Let w(f) = f**2 - f + 3. Give w(0).
3
Let x(s) = -s**3 - 8*s**2 + 22*s + 20. Calculate x(-10).
0
Let w(b) = -b**3 - 22*b**2 + b + 27. Calculate w(-22).
5
Let o(a) = -a**2 - 11*a + 24. Determine o(-11).
24
Let x(n) = n**2 + 2*n + 7. What is x(5)?
42
Let z(a) = -a**2 + 6*a - 8. What is z(2)?
0
Let a(d) = -d**2 + 8*d - 10. Determine a(5).
5
Let w(h) = h**3 + 15*h**2 + 14. Determine w(-15).
14
Let h(m) = -5*m + 13. What is h(4)?
-7
Let l(t) = -t**3 + 2*t**2 + 3*t - 50. Determine l(0).
-50
Let w(p) = p**3 - 13*p**2. Calculate w(13).
0
Let x(u) = 2*u**2 + 47*u - 46. Calculate x(-25).
29
Let g(q) = -q**3 - 26*q**2 - 24*q - 5. Calculate g(-25).
-30
Let g(p) = p**3 - 9*p**2 - 13*p + 4. Calculate g(10).
-26
Let v(b) = b**3 - 6*b**2 + 8*b + 1. Calculate v(6).
49
Let o(f) = 13*f + 9. Calculate o(-6).
-69
Let s(m) = 3*m - 4. Determine s(2).
2
Let d(t) = 19*t**3 + t**2 - 1. Determine d(-1).
-19
Let g(v) = 2*v - 92. Give g(18).
-56
Let n(v) = 3*v**2 - 3*v - 2. What is n(-1)?
4
Let t(p) = -3*p - 15. Calculate t(-12).
21
Let l(i) = -i**3 - 12*i**2 + 13*i. Calculate l(-13).
0
Let o(r) = -12*r - 49. Give o(-5).
11
Let a(c) = 6*c - 168. Determine a(29).
6
Let s(k) = -k**3 - 21*k**2 + 21*k - 24. Give s(-22).
-2
Let u(j) = 15*j**2 - 7*j + 8. Determine u(1).
16
Let n(g) = 5*g - 2. Calculate n(-4).
-22
Let q(t) = -7*t + 7. Give q(3).
-14
Let l(y) = 33*y**3 + 2*y**2 - 1. Give l(-1).
-32
Let c(n) = -n**2 + n - 9. What is c(0)?
-9
Let l(h) = -9*h + 67. Give l(7).
4
Let r(k) = 4*k - 27. What is r(9)?
9
Let q(r) = -21*r - 196. Calculate q(-10).
14
Let i(s) = -s**3 - 18*s**2 - s - 4. Determine i(-18).
14
Let m(g) = -12*g - 12. Calculate m(-6).
60
Let w(l) = l**3 + 5*l**2 - 3*l. What is w(-5)?
15
Let o(u) = 5*u + 18. What is o(6)?
48
Let d(q) = q + 8. Determine d(-7).
1
Let z(x) = -2*x**3 - 2*x. Calculate z(-2).
20
Let t(v) = -v**3 - 12*v**2 - 15*v - 27. Determine t(-11).
17
Let u(v) = 3*v - 47. Calculate u(8).
-23
Let v(l) = 10*l + 2. Give v(-1).
-8
Let c(x) = -4*x + 2. Give c(5).
-18
Let v(u) = -u**2 - 4*u + 132. Determine v(10).
-8
Let h(g) = -g**3 + 26*g**2 + 35*g - 220. What is h(27)?
-4
Let y(u) = -5*u + 13. Calculate y(10).
-37
Let z(o) = 10*o - 115. Calculate z(12).
5
Let w(j) = 8*j**3 + j + 1. What is w(-1)?
-8
Let u(l) = 18*l + 386. What is u(-21)?
8
Let w(a) = -41*a + 240. Calculate w(6).
-6
Let p(h) = -h**2 - 4*h + 5. Calculate p(-4).
5
Let q(u) = 6*u**2 - 2*u - 1. Calculate q(0).
-1
Let i(q) = -6*q. Give i(-4).
24
Let v(j) = j**3 - 4*j**2 - 6*j + 5. Determine v(6).
41
Let y(w) = w**2 - 3*w - 5. Calculate y(5).
5
Let i(d) = d - 3. What is i(7)?
4
Let d(s) = s**3 + 37*s**2 + 31*s - 75. Give d(-36).
105
Let a(y) = -5*y - 7. Determine a(3).
-22
Let q(b) = b**3 + 18*b**2 + 4*b + 41. What is q(-18)?
-31
Let i(p) = -p**2 - 14*p + 63. What is i(-18)?
-9
Let d(g) = -22*g + 355. Calculate d(16).
3
Let j(p) = -39*p + 309. Give j(8).
-3
Let g(k) = 35*k**3 - k**2 + k - 1. Calculate g(1).
34
Let w(h) = 5*h - 148. Determine w(31).
7
Let v(r) = -r**2 + 6*r + 47. What is v(9)?
20
Let v(a) = -7*a - 23. Give v(-7).
26
Let o(c) = c**2 + 24*c. Calculate o(-10).
-140
Let k(m) = -m**3 - 2*m**2 + 3*m - 3. Calculate k(-4).
17
Let z(j) = j**3 - 6*j**2 - 9*j - 12. What is z(6)?
-66
Let s(d) = d**3 + 7*d**2 + 7*d + 1. Calculate s(-6).
-5
Let y(v) = 28*v + 169. Determine y(-6).
1
Let i(m) = -m**3 + 23*m**2 - 19*m - 97. Give i(22).
-31
Let p(f) = -f**2 + 8*f + 2. What is p(9)?
-7
Let k(d) = d - 22. Calculate k(-33).
-55
Let o(p) = 3*p - 11. Calculate o(8).
13
Let v(g) = g**3 + g + 1. Determine v(-2).
-9
Let b(l) = -l**3 - 7*l**2 - 7*l - 10. Determine b(-6).
-4
Let c(v) = -v**2 + 13*v - 10. Determine c(14).
-24
Let l(n) = -2*n**3 + 4*n**2 + 22*n - 9. Calculate l(5).
-49
Let u(w) = 29*w**2 + 1. Calculate u(-2).
117
Let i(g) = -g - 3. What is i(6)?
-9
Let q(m) = m**3 + m**2 + 5*m - 11. What is q(0)?
-11
Let p(q) = 4*q - 92. What is p(13)?
-40
Let x(r) = r**3 - r**2 + 3*r - 4. What is x(2)?
6
Let g(h) = 2*h**2 - 10*h + 9. What is g(5)?
9
Let z(c) = -c**3 - 5*c**2 + 3*c + 9. Determine z(-6).
27
Let z(q) = -q**2 + 4*q - 10. Calculate z(5).
-15
Let f(v) = v + 7. Determine f(6).
13
Let x(c) = -8*c. Give x(4).
-32
Let n(v) = -v - 57. What is n(3)?
-60
Let r(g) = 3*g**2 - 2*g - 6. What is r(-2)?
10
Let s(g) = -g + 3. Determine s(1).
2
Let m(v) = v**3 - 4*v**2 - 5. Calculate m(4).
-5
Let u(h) = -h**3 + h**2 + 7*h - 12. Give u(0).
-12
Let s(c) = c**2 + 11*c + 20. What is s(-6)?
-10
Let c(z) = -z - 4. What is c(6)?
-10
Let l(d) = 2*d + 5. What is l(1)?
7
Let g(d) = -4*d + 16. What is g(6)?
-8
Let s(w) = w**2 + 13*w - 54. What is s(-15)?
-24
Let m(t) = t**3 - 22*t**2 - 23*t + 1. Give m(23).
1
Let b(v) = -v**3 - 10*v**2 + 9*v - 15. What is b(-11)?
7
Let s(r) = 3*r - 13. Calculate s(6).
5
Let z(u) = -3*u + 1. Calculate z(-6).
19
Let h(d) = 4*d**2 - 13*d - 1. Determine h(4).
11
Let u(g) = 17*g + 5. Determine u(-1).
-12
Let j(c) = c**2 - 9*c + 10. Determine j(5).
-10
Let j(t) = -7*t + 14. Calculate j(2).
0
Let l(b) = b**2 - 6*b - 1. What is l(4)?
-9
Let r(o) = -17*o - 3. Determine r(-3).
48
Let i(m) = -m + 2. Calculate i(7).
-5
Let j(a) = -a - 13. Calculate j(-4).
-9
Let b(u) = u**3 + 3*u + 3. Calculate b(-3).
-33
Let o(h) = -2*h + 1. Calculate o(-4).
9
Let y(g) = g**2 + 5*g + 11. What is y(-3)?
5
Let m(j) = 2*j**2 - 64*j - 84. Give m(32).
-84
Let r(b) = b**2 + 42*b - 94. Determine r(-44).
-6
Let k(c) = 2*c + 8. Calculate k(-5).
-2
Let g(d) = 2*d**3 + 2*d**2 - d. What is g(2)?
22
Let l(h) = -2*h + 6. Give l(3).
0
Let f(g) = -8*g + 28. What is f(4)?
-4
Let r(x) = x**3 + 12*x**2 - 3*x - 15. Give r(-12).
21
Let t(f) = f**3 - 2*f**2 - 5*f + 6. Give t(3).
0
Let p(r) 